me factors of z?
2, 7, 149
Let u(a) = -203*a - 15. Let d be u(4). Let x = d + 1327. What are the prime factors of x?
2, 5
Suppose -27*w = -32*w - 6285. Let f = -727 - w. List the prime factors of f.
2, 5, 53
Let n = -3697 - -11288. What are the prime factors of n?
7591
Suppose 7*z = 5*z + 14, -17*g + 36336 = z. List the prime factors of g.
2137
Let a = 15267 - 6719. List the prime factors of a.
2, 2137
Let p = -18 + 23. Suppose p*b = 4*c + 319, 4*b = -c + 4*c + 255. Suppose 2*n = i - b, -i - 4*i = n - 370. What are the prime factors of i?
73
Let r(k) = 1600*k + 56600. What are the prime factors of r(0)?
2, 5, 283
Let c = -94 - 12. What are the prime factors of -8 + 2 - (-9 + c)?
109
Let p = -212 - -225. Let d(q) = -q**3 + 14*q**2 + 15*q + 33. What are the prime factors of d(p)?
397
Suppose 401959 = 73*l + 63239. List the prime factors of l.
2, 5, 29
Suppose -6826 + 1913 = -17*n. List the prime factors of n.
17
Let m(s) = -8*s**2 + 5*s - 2. Let x(v) = 22*v**2 - 16*v + 6. Let z(y) = -20*m(y) - 6*x(y). List the prime factors of z(-4).
2, 3, 13
Let l = 788 - 163. Let w = l + 37. List the prime factors of w.
2, 331
Let a(y) = -102*y - 217. What are the prime factors of a(-25)?
2333
Let r(a) = -17 + 46*a - 13 + 2 + 16. List the prime factors of r(4).
2, 43
Suppose -5*x - 10 = 0, j + x = -0*j + 149. Suppose -2*u + j = 3*y - 717, u = -3*y + 863. List the prime factors of y.
2, 11, 13
Let f(w) = 2*w**2 + 2*w + 27. Let x be f(0). Suppose x*b - 4416 = 1308. What are the prime factors of b?
2, 53
Let b be (-18)/8*(-24)/6. Suppose b*o = 2867 - 131. What are the prime factors of o?
2, 19
Let z(d) = -6104 - 73*d + 25*d + 5982. What are the prime factors of z(-6)?
2, 83
Let c(v) = -v**3 - 16*v**2 - 197*v - 137. List the prime factors of c(-32).
3, 7517
Let x = -20 - -33. Suppose 1 + x = -2*p. Let y(s) = -s**3 - 4*s**2 + 10*s + 5. List the prime factors of y(p).
2, 41
Suppose g - 126 = -5*g. Let v be ((-26)/(-39))/(2/g) - 1. Suppose 910 = -x + v*x. List the prime factors of x.
2, 7, 13
Let y be 4 + (3 + -6 - -1). Suppose y*n + 20 = 6*n, -5*n = -4*i + 687. What are the prime factors of i?
2, 89
Suppose 22 = -4*w - 18*w. Let q(b) be the second derivative of 65*b**4/4 + b**3/2 - 12*b. What are the prime factors of q(w)?
2, 3
What are the prime factors of (-3 + -73)/((1/89)/((-2)/4))?
2, 19, 89
Suppose 18*f + 31*f - 157699 - 1214399 = 0. List the prime factors of f.
2, 3, 13, 359
Let l(j) = -j**2 + 9*j + 14. Let v be l(10). Let a = 7 - v. What are the prime factors of 154/a - (2 - 48/18)?
2, 13
Let m(q) = -q**2 + 38*q - 127. Suppose -3*w - 100 = -5*i - 4*w, -5*w = 4*i - 59. List the prime factors of m(i).
2, 5, 23
Let h(f) = 12*f**2 - 17*f + 5. Let t be h(5). Let j = 302 - t. List the prime factors of j.
2, 41
What are the prime factors of (-14054)/(-4) + (198/36 - 6)?
3, 1171
Suppose -935072 - 3643504 = -204*t. What are the prime factors of t?
2, 31, 181
Let w = 78493 - 23090. List the prime factors of w.
17, 3259
Let c(b) = b**3 - 18*b**2 + 219*b - 55. What are the prime factors of c(16)?
3, 11, 89
Let z be 1 - (2 - 17)/5. Let a be z/(-10) - 94/(-10). List the prime factors of 15/a*1*33.
5, 11
Suppose 6*x = 5*x - 4*p + 1814, x + p - 1811 = 0. List the prime factors of x.
2, 5, 181
Let n = -329 + 584. Suppose 0 = -264*a + n*a + 1152. What are the prime factors of a?
2
Let h(k) = k**2 - 2*k + 1. Let v be h(3). Suppose -2*u = 3*f - 463, 2*f - 3*f + v*u + 159 = 0. Let y = 288 - f. What are the prime factors of y?
7, 19
Suppose 11632 - 11884 = 21*y. Let z(j) be the third derivative of -j**4/4 - 13*j**3/6 + j**2. List the prime factors of z(y).
59
Suppose -2951*j + 130058 = -2936*j - 63277. What are the prime factors of j?
12889
Let c = -707 - -710. Suppose -4*s = -5*a - 831, -2*s - c*a + 6*a = -413. What are the prime factors of s?
2, 107
Let u = 39 + -25. Let f = -2075 - -1371. What are the prime factors of f/(-112) - ((-12)/u)/(-3)?
2, 3
Let g(w) = 2*w**2 - w + 2688. Let y be g(0). Suppose 3*r + o - y = 0, 0 = 7*r - 6*r - 4*o - 883. List the prime factors of r.
5, 179
Let y(h) = -11*h - 16. Let c be y(4). Let q be 7/((-14)/c)*7. Suppose -3*r + 6*r + q = 5*j, -2*r + 84 = 2*j. What are the prime factors of j?
2, 3, 7
Let p be 9/15*(-4 + 4 - -10). Suppose -q = -f + 7, -p*f + 2*f = 3*q. Suppose 4*m - 1037 = 5*z, -798 = -3*m - 6*z + f*z. List the prime factors of m.
263
Suppose -4*i - 8 = 2*n, 7*n - 3*n = -2*i + 2. List the prime factors of 1735/(4 - -1) + i.
2, 43
Let b(g) be the first derivative of -13*g**5/20 - g**4/4 + 4*g**3/3 - 29. Let n(m) be the third derivative of b(m). What are the prime factors of n(-2)?
2, 3, 5
Let d(z) = -z**2 + 18*z + 42. Let s be d(20). Suppose 0 = -5*q + s*k + 1305, 0 = -q + k - 40 + 298. What are the prime factors of q?
263
Suppose -2*q + 3*y - 1413 = 0, -5*q + 0*q = -2*y + 3516. Let p = -405 - q. List the prime factors of p.
3, 11
Suppose 2*h - x = -6*x - 100, 0 = -4*x + 16. Let y = h + 70. Let v(m) = 3*m**2 - 21*m - 2. List the prime factors of v(y).
2, 11
Let s(k) = -k**3 - 16*k**2 + 36*k + 63. Let l be s(-23). Suppose -l = -4*r - 902. List the prime factors of r.
509
What are the prime factors of (24/(-30))/(-1)*(19614 + (3 - 2))?
2, 3923
Let z be -3 - (-13916)/(-35) - (-6)/10. List the prime factors of -1 - 906/(-5) - (-80)/z.
2, 3, 5
Suppose -8*q + 46038 = 8806. List the prime factors of q.
2, 13, 179
Suppose 4*y = 5*z + 192, 0 = -5*y + 10*y - 2*z - 240. Suppose 0 = -7*o - 1 - y. List the prime factors of (-9)/(-6)*o/(42/(-376)).
2, 47
Suppose -4*l + 1201 = 3*f, -l + 294 = 8*f - 6*f. Let v = 556 - l. List the prime factors of v.
2, 3, 7
Let g(c) = c**2 + 8*c + 282. Let i(b) = b**2 + 12*b + 36. Let d be i(-6). List the prime factors of g(d).
2, 3, 47
Suppose -166*b = -163*b - 237. Suppose -b*k = -73*k - 3306. What are the prime factors of k?
19, 29
What are the prime factors of (94 + 45930)/((-2)/(-6) + 20/12)?
2, 11, 523
Let f(c) = 12*c**3 - 175*c**2 + 24*c - 31. What are the prime factors of f(18)?
5, 7, 17, 23
Let q = -45202 + 79714. What are the prime factors of q?
2, 3, 719
Suppose 0 = -3*a - 6, 8*p - 10*p = -a - 198. Suppose 0 = p*k - 96*k - 1828. List the prime factors of k.
2, 457
Let c(t) = -2*t**2 + 27*t + 18. Let o be c(14). List the prime factors of (-6)/(-4 + 2 + o) + 72.
3, 23
Suppose 79*t = 364515 + 1259251. What are the prime factors of t?
2, 43, 239
Suppose -13*m + 8612 = 1826. Let g = m - 455. List the prime factors of g.
67
Let i(s) = 3*s**2 + 5*s + 8. Let k be i(-4). Let n = 42 - k. List the prime factors of 96*-1*(n/4)/(-3).
2, 3
Suppose -103*f + 94*f + 1890 = 0. Suppose -f = -t + 52. List the prime factors of t.
2, 131
Let v(s) = -s**2 - 2*s + 7. Let y be v(-4). Let x be (-5)/(10/4)*(-12 - y). List the prime factors of 2336/x + 20/(-110).
2, 53
Let g = 9339 + -6233. List the prime factors of g.
2, 1553
Suppose 5*o = l - 13 - 8, -5*o - 9 = l. What are the prime factors of (-931)/(-3) + ((-153)/(-27) - l)?
2, 5, 31
Let i = 9139 + 10445. What are the prime factors of i?
2, 3, 17
Suppose 3*x + 12 = 0, -105 = -5*d - 2*x - 118. List the prime factors of d*7*((-5148)/77 + 8).
2, 103
Suppose 28*j - 218047 = -37587. List the prime factors of j.
5, 1289
Suppose -560503 = -78*c - 148351. List the prime factors of c.
2, 1321
Let c = 314 - -108. Suppose -10*p + 2198 = -c. What are the prime factors of p?
2, 131
Suppose -4*r = -q - 133785, -268*r + 272*r - 4*q = 133776. What are the prime factors of r?
3, 11149
Let c(k) = 27*k**2 - 7*k**2 - 6*k**2 + 39*k - 9*k**2 - 4*k**2 - 48. What are the prime factors of c(25)?
2, 97
Suppose 23*q - 18*q = 0. Suppose 4*n - 1002 = -2*g, q*n + g - 753 = -3*n. Suppose -14*b + 15*b = n. List the prime factors of b.
2, 3, 7
Let r(p) = 10146*p**2 + 322*p + 963. What are the prime factors of r(-3)?
3, 11, 2767
Let r(y) = 4*y + 3. Let f be r(1). Suppose -8435 = -f*w + 1386. List the prime factors of w.
23, 61
Let w(b) = b**3 - 5*b**2 + 34*b - 121. Let r be w(4). Let p(d) = -136*d - 2. List the prime factors of p(r).
2, 67
Let o = -32874 + 53524. What are the prime factors of o?
2, 5, 7, 59
Suppose -24 = -4*g + 1616. List the prime factors of ((-420)/102 - -4) + g/17.
2, 3
Let p = -1429 - -2353. Suppose 13*q - 16*q + i = -1400, 2*q - p = -4*i. List the prime factors of q.
2, 233
Suppose -42*t